y.
7
Let o = 102 - 28. Calculate the remainder when o is divided by 13.
9
Let h(d) = d**2 - 5*d - 6. Suppose -20 = -5*p, -2*o - 32 = -6*o - p. Let y be h(o). Let t = 18 - y. Calculate the remainder when t is divided by 6.
4
Let p = -15 + 15. Suppose w + p*w - 8 = 0. Calculate the remainder when 15 is divided by w.
7
What is the remainder when (0 + -3)/(1/(-11)) is divided by 17?
16
What is the remainder when -4 + 3 + (100 - -2) is divided by 26?
23
Suppose -w + 4 = -12. What is the remainder when 31 is divided by w?
15
Let m(l) = -l**3 - 6*l**2 - 7*l + 8. Let j be 22/55*(1 - 16). What is the remainder when m(j) is divided by 13?
11
Suppose -4*n - a + 267 = 0, -5*n + 316 = 4*a - 4. Calculate the remainder when n is divided by 10.
8
Suppose 5*j + 5 = 0, b = -b + 5*j + 17. Let u = -27 - -44. Calculate the remainder when u is divided by b.
5
Suppose v - 82 + 24 = 0. What is the remainder when v is divided by 30?
28
Suppose 2*t - 3 - 25 = 0. Calculate the remainder when 40 is divided by t.
12
Let i(k) = k**2 + 5*k + 1. Suppose -h = -3 + 10. Calculate the remainder when i(h) is divided by 1*(-3)/(-1) - -1.
3
Suppose -8 = 2*t, -5*g - t + 28 = 12. Calculate the remainder when 4 + -6*(-1)/3 is divided by g.
2
Suppose -5*l = -3*a + 1 - 12, 2*l + a = 11. Suppose 3*r = -3*z + 117, 4*z - z = l*r - 163. Calculate the remainder when r is divided by 21.
19
Suppose 45 = 3*k + a - 4*a, k + 3*a - 31 = 0. Calculate the remainder when 71 is divided by k.
14
Let i = 134 - 43. What is the remainder when i is divided by 23?
22
Suppose 5*a - 6*k - 45 = -k, a - 2*k - 13 = 0. Let v = -3 + 1. What is the remainder when 3/(-6)*v + 12 is divided by a?
3
Let q be 2 + (-2)/(-2) + -1. Suppose 2*h = q*m + 48, -3*m = 3*h - 2*m - 60. Calculate the remainder when 83 is divided by h.
20
Let w be (-15)/10 + (-22)/(-4). Suppose -3*f = -z + w*z - 42, 3*z = 3*f + 48. Calculate the remainder when z is divided by 8.
7
Suppose -5*l - 3*f = -370, 5*f = -4*l - 0*f + 283. Calculate the remainder when l is divided by 39.
38
Let p(r) = 4*r**2 + r. Let z = 1 + 1. Suppose z = 4*c - 2. What is the remainder when 14 is divided by p(c)?
4
Let o(q) = q**2 + q + 1. Let h(f) = -f**3 + 3*f**2 + 8*f + 2. Let k(c) = h(c) - 5*o(c). What is the remainder when 50 is divided by k(-4)?
16
Calculate the remainder when 99 is divided by (4/(-6))/(((-14)/102)/7).
31
Suppose 0 = 2*g - 3 - 3. Suppose 3*d + 15 = -g. What is the remainder when 20/3 - (-4)/d is divided by 3?
0
Suppose 14 + 2 = 4*s. Calculate the remainder when 18 is divided by s.
2
Let w = -47 - -73. Suppose -c - r + 2*r = -w, 0 = -2*c + 5*r + 55. Let f(b) = -3*b - 9. What is the remainder when c is divided by f(-6)?
7
Let i = -74 - -120. What is the remainder when i is divided by 16?
14
Suppose 0 = 2*s - 2. Let m(a) = 20*a + 1. Calculate the remainder when m(s) is divided by 12.
9
Let t = 65 + -57. Calculate the remainder when 25 is divided by t.
1
Suppose 4*q - 8 = -2*m + 5*m, -q - 4*m + 2 = 0. What is the remainder when 2 is divided by q?
0
Let r = -25 + 33. What is the remainder when 29 is divided by r?
5
Let a be ((-3)/(-4))/((-2)/(-24)). What is the remainder when -3 + 2 - -1*27 is divided by (1 - -1)/(2/a)?
8
Suppose 7 = r + 2. Suppose 5*v = -5*c, -r*c - 2*v = -v - 16. Suppose 0*s = c*s - 16. What is the remainder when s is divided by 2?
0
Let a(s) = s + 14. What is the remainder when 32 is divided by a(-4)?
2
Let w(h) = 18*h - 2. What is the remainder when w(2) is divided by 30*((-21)/15 + 2)?
16
Suppose 3*b - 2*b + 8 = 3*a, -b = -2*a + 6. Suppose a*r = -4*o + 132, 212 = 6*r - 3*r - o. Calculate the remainder when r is divided by 24.
22
Suppose -4*i - 5*k = -86, 2*i + 5*k - 8 - 40 = 0. Calculate the remainder when 94 is divided by i.
18
Let l = -59 - -82. Calculate the remainder when 68 is divided by l.
22
Let y(q) = -q**3 + 10*q**2 - 8*q - 5. Let l be y(9). Let x = 4 - l. Suppose 72 = 2*o + 2*u, x = -4*u + u. Calculate the remainder when o is divided by 19.
17
Suppose -4*q - 14 - 6 = 0, -2*q + 76 = 2*k. What is the remainder when k is divided by 9?
7
Suppose -3*r = 5*m - 6*r + 2, -3*m + r = 2. Calculate the remainder when 6*(2/(-4))/m is divided by 3.
0
Let c = 6 - 3. Calculate the remainder when 1 is divided by c + (-5)/(15/6).
0
Let g = 107 - 157. Let r = -5 - g. Calculate the remainder when r is divided by 24.
21
Let m = -29 - -34. Let s(g) = -g**3 + 3*g**2 - 2*g + 1. Let w be s(2). Let l = m - w. What is the remainder when l is divided by 2?
0
Calculate the remainder when 24 is divided by -1 + 2 + 9 + 0 + -1.
6
Let s(g) = -g**2 + 6*g - 2. Let o(w) = -2*w - 11. Let l be o(-8). Let x be s(l). What is the remainder when 31 - 1 - (x - 4) is divided by 16?
15
Calculate the remainder when 57 + ((-6)/8)/(8/32) is divided by (4/10)/((-3)/(-105)).
12
Suppose 132 = -3*b + 7*b. Let h(w) = -w**3 + 14*w**2 - 14*w + 30. Calculate the remainder when b is divided by h(13).
16
Suppose s + 11 - 32 = -4*o, 3*o - 10 = 5*s. What is the remainder when 8/(-4) + o*13 is divided by 16?
15
Let u(n) = -n**2 + 7*n - 4. Let m be u(7). Calculate the remainder when (-285)/(-12) - 1/m is divided by 1*-1*(-5 - 8).
11
Let p(f) = -2*f + 19. Calculate the remainder when 149 is divided by p(-3).
24
Let p = 1 + -1. Suppose p*v + 40 = v. Suppose 2*z - 11 = 17. What is the remainder when v is divided by z?
12
Suppose 8*z - 5*z - 42 = 0. Calculate the remainder when 41 is divided by z.
13
Let x = -10 - -5. Let q = x + 17. Calculate the remainder when 47 is divided by q.
11
Suppose -4*i - 3*t - 11 = -41, 3*i = -t + 25. What is the remainder when 43 is divided by i?
7
Suppose 5*u - 31 = -3*q, 0 = 3*q - u - 3*u + 14. Let y = 98 + -40. Suppose y = q*g - 0*g. Calculate the remainder when g is divided by 10.
9
Suppose -4*r + 28 = -0*r. Let w(z) = 2*z - 2. Suppose 3*j - 12 = -s, -33 = -3*s - 5*j - 9. Calculate the remainder when r is divided by w(s).
3
Suppose u - 45 = 5*n - 11, -5*n = -2*u + 88. What is the remainder when u is divided by 8?
6
Let g(q) = -3*q - 4. Suppose -5 = w + 6. What is the remainder when g(w) is divided by 10?
9
Let q(b) = -b**3 - 2*b**2 + 5. What is the remainder when q(-5) is divided by 27?
26
Suppose -22 = -4*y + 3*z, -3*y - 2*z = -3 - 5. Calculate the remainder when 11 is divided by y.
3
Suppose x - 5*u = 5, 5*x - 3 - 44 = 3*u. Calculate the remainder when (15/x)/(6/248) is divided by 13.
10
Let l(u) = -u**3 + 4*u**2 + 14*u - 4. Calculate the remainder when 15 is divided by l(6).
7
Suppose 0 = -9*h + 8*h - 4*w + 57, 2*h + 3*w - 129 = 0. What is the remainder when 411 is divided by h?
66
Let o = -457 + 969. Suppose 45 = -2*n + 7*n. What is the remainder when o/20 - (-2)/5 is divided by n?
8
Suppose -4*x - 2 = -2*x. Calculate the remainder when 31 is divided by ((-9 - 3) + 1)/x.
9
Let d = -8 + 8. Suppose -5*o = 0, d*i + o + 6 = i. Calculate the remainder when 17 is divided by i.
5
Suppose 7*j + q - 29 = 2*j, 19 = 3*j - q. What is the remainder when 9 is divided by j?
3
Let k be 1 + (251 - (2 + -1)). Let h be k/3 + 2/6. What is the remainder when ((-12)/14)/((-4)/h) is divided by 10?
8
Suppose 3*i + l + 3 = 4*l, 31 = 5*i + 4*l. Suppose 0 = -g - 4 - 2. Calculate the remainder when i is divided by 3/g*4 + 3.
0
Suppose -l - 3*i - 5 = l, 5*l - 2*i + 41 = 0. Let r(b) = b**3 + 7*b**2 - b - 5. What is the remainder when 9 is divided by r(l)?
1
Let i = 144 - 130. What is the remainder when i is divided by 6?
2
Let s = 18 + -12. Calculate the remainder when 11 is divided by s.
5
Suppose -4*n = -2*g - 24, 0*g = g - 4. Let v = 13 - n. Calculate the remainder when 7 is divided by v.
2
Suppose -3*j - x + 36 = 0, -3*j = -4*x - x - 18. Let t = 25 - 55. Calculate the remainder when 4/(1 + 26/t) is divided by j.
8
Suppose 0 = 4*f - 80 + 48. What is the remainder when f is divided by 4?
0
Suppose 8 = 3*b - 4. Suppose -5 = -2*s - b*y + 21, 0 = -2*s - 2*y + 32. Calculate the remainder when 36 is divided by s.
17
Suppose -2*b - 82 = -3*a, -3*a = -5*a + b + 53. Suppose -a = -7*g + 3*g. What is the remainder when g is divided by 4?
2
Let t = 134 + -75. Calculate the remainder when t is divided by 12.
11
Suppose b + 0 = 5. Suppose 2*d = -2*t - 2 - 10, -b*t + 3*d = 14. Calculate the remainder when 41 is divided by 4/(-6)*126/t.
20
Let f(p) = 7*p**3 - p**2 - p + 1. What is the rema